8
Let p be (-1)/2 + 15/6. Let l = -288 + 302. Calculate the highest common divisor of l and p.
2
Let x(d) = -4*d + 1. Let u be x(10). Let k = u - -55. What is the highest common divisor of k and 144?
16
Let h be ((-4)/5)/(10/(-2900)). What is the greatest common divisor of 8 and h?
8
Let j(c) = -c**2 - 9*c - 10. Let n be j(-6). Let o be n/(-1)*7/(-14). Calculate the greatest common divisor of o and 32.
4
Suppose -20*y + 24*y = 52. Let r = -56 + 371. Suppose 4*f = -3*m + r - 58, -439 = -5*m - 4*f. Calculate the highest common divisor of y and m.
13
Let z(b) = -2*b**2 - 17*b - 27. Let t be z(-5). What is the highest common divisor of t and 14?
2
Let r(h) = -h**2 - 8*h - 3. Let z be r(-7). Let w be 45/25 + z/(-5). Calculate the highest common divisor of w and 9.
1
Let p(y) = y**2 + y + 56. Let o be p(-17). What is the highest common divisor of o and 41?
41
Let r = 5209 - 1429. Calculate the greatest common divisor of 140 and r.
140
Let u(d) = -d**3 + 3*d**2 + 9*d + 10. Let z be u(5). Suppose -z*v + 54 = q, -3*q - 190 = -8*q - 5*v. Calculate the greatest common divisor of q and 85.
17
Suppose 315 = 108*d - 105*d. Calculate the greatest common divisor of 30 and d.
15
Suppose x = -4*k + 154, k - 103 + 63 = -x. Calculate the highest common factor of 323 and k.
19
Suppose -76*z = -114*z + 29412. What is the greatest common factor of z and 36?
18
Let b be (-75 - -48)*(-7)/3. What is the highest common divisor of b and 231?
21
Let j(w) = 9*w + 225. Let q be j(10). Calculate the highest common divisor of 36 and q.
9
Let o = 20 + -3. Let g = -76 + 43. Let y = g - -186. What is the greatest common divisor of y and o?
17
Suppose 4*m + 2*f = -74, f = 5*m + 3*f + 91. Let w = m - -21. Let r be 3/(1*(w + -3)). Calculate the greatest common factor of r and 9.
3
Suppose 10*s - 420 = 6*s. What is the greatest common divisor of s and 165?
15
Let u = -13 - -17. Suppose -u*a + 41 - 9 = 0. Suppose 0 = -a*i + 4*i + 24. Calculate the highest common factor of i and 42.
6
Let h = -1458 + 1502. What is the greatest common factor of h and 154?
22
Suppose -8*s - 760 = -3952. Calculate the highest common factor of s and 42.
21
Let u = 9 + -3. Suppose 5*r + 9 = 2*o, -6*o + u = -4*r - 5*o. Let y be (-3)/r + -4 + 24. What is the highest common factor of y and 207?
23
Suppose 0 = -2*z + 5*a + 123, -5*z = 3*a + 23 - 253. Suppose b + 0*b = z. Let k be 1/(3/15) - -2. What is the highest common divisor of b and k?
7
Suppose -2*x - 5 = 5, -4*x = -q + 20. Suppose 2*n - 3 - 9 = q. Suppose 10*u - 9*u = 54. Calculate the greatest common divisor of u and n.
6
Let w be (-2 + 5/(-5))*(-54 - -3). What is the highest common divisor of 9 and w?
9
Let l be (3 - 5 - -1)*80*-1. Calculate the highest common divisor of 20 and l.
20
Suppose 6*d - 148 - 812 = 0. Let m = 38 + -18. What is the highest common factor of m and d?
20
Suppose 228 = 2*m - 268. What is the highest common factor of m and 186?
62
Suppose 5*w = d + 2*d - 54, -2*w = -5*d + 71. Suppose 3 = 3*o - 0. Let a = o + d. What is the highest common divisor of 35 and a?
7
Suppose 5*m = 3*j - 8*j + 3550, 4*j + 2*m = 2850. Calculate the highest common divisor of 55 and j.
55
Let c be (12/(-14))/((-6)/21). Let a be -1 + c - (0 - 1). Let p be 165/a + -3 + 0. Calculate the highest common factor of p and 78.
26
Let z be (-6)/9 + (-11)/(-3). Suppose -5*d - m + 81 = 0, m - 28 = -z*d + 21. What is the greatest common divisor of d and 32?
16
Suppose -2*h = -y - 0*h + 191, -376 = -2*y - 2*h. Suppose 15*t - 22*t + y = 0. What is the greatest common factor of 18 and t?
9
Let m be ((-4)/10)/(4/(-600)). Suppose -2*k - 60 = -6*k. Calculate the highest common factor of k and m.
15
Let s = 14066 - 13985. Suppose t = -4*k + 76, 3*t + 38 = 3*k - t. Let y = k + -9. What is the highest common factor of s and y?
9
Let g be 125*(4/8 + 8/16). Let c(m) = m**3 - 5*m**2 - m - 5. Let l be c(6). What is the greatest common divisor of l and g?
25
Suppose 0 = 4*f + 16, 2*f + 697 = 11*c - 10*c. Calculate the greatest common divisor of c and 53.
53
Let h(t) = -t**3 + 6*t**2 - 4*t. Let x = -2 - -6. Let g be h(x). Suppose 4 = -297*p + 298*p. Calculate the highest common divisor of p and g.
4
Let w be 6/(4 - 2)*9. Let y be 0 - (1 + (-8)/2). What is the greatest common divisor of y and w?
3
Let a be 2/8 - (-589)/76. Let v be 8 - 66/8 - (-250)/a. What is the highest common factor of 31 and v?
31
Suppose 0 = h - 56 + 12. Let n = h - 28. Suppose m - n = 12. What is the highest common factor of 7 and m?
7
Let d(h) = -7*h**3 - 4*h**2 + 4*h - 6. Let z be d(-5). Suppose 0 = 7*q - 3*q + 16, -4*q + z = 5*f. Calculate the highest common divisor of 34 and f.
17
Let d = -488 - -517. What is the greatest common factor of 2 and d?
1
Suppose 5*z + 11 - 1 = 0. Let a be (9/z)/(1/(-2)). What is the highest common factor of a and 18?
9
Suppose 0*q = -m + 3*q + 13, -3*m - 3*q + 3 = 0. Suppose -24 = -5*x - m. Let w be 0/x + 9 + -1. Calculate the highest common factor of 4 and w.
4
Suppose -2*y + 6 = 2*n, 1 - 15 = -3*y + 2*n. Suppose -21 = -5*p + y. What is the highest common divisor of 135 and p?
5
Let j be (9 - 7)*(1 + 24). What is the greatest common factor of j and 30?
10
Let a = 2942 + -1752. Calculate the greatest common factor of a and 35.
35
Suppose -445 = -5*c - 4*l + 9*l, 0 = 4*c - 2*l - 354. Suppose 5*u + s = 2*s + 196, c = 2*u + 2*s. Calculate the highest common divisor of u and 10.
10
Let g be (-2)/(-8) - 55/(-4). Let a be g/21 + (-115)/(-3). What is the highest common divisor of a and 26?
13
Let a(y) = -2*y**2 + 65*y - 201. Let t be a(28). What is the highest common divisor of 3 and t?
3
Suppose 10*u - 2293 - 47 = 0. Calculate the greatest common factor of 18 and u.
18
Suppose -4*y + 30 = -3*y. Let i(m) = -m**2 - 3*m + 9. Let l be i(-4). Suppose 75 = 6*v - l*v. What is the highest common factor of v and y?
15
Suppose -h + 160 = 4*w, 5*h - h - 662 = -5*w. What is the greatest common divisor of 16 and h?
8
Let l(n) be the first derivative of -3 - 3*n + 0*n**3 - 3/4*n**4 - 3/2*n**2. Let a be l(-2). Calculate the greatest common divisor of a and 9.
9
Let l(x) be the third derivative of -x**4/24 + 5*x**3/3 + 11*x**2. Let h be l(7). Calculate the highest common divisor of h and 33.
3
Let o = -106 - -104. Let w(c) = -c**3 + 4*c**2 + c - 4. Let z be w(o). What is the highest common divisor of 144 and z?
18
Let r(i) = 20*i - 44. Let v be r(3). What is the greatest common divisor of v and 52?
4
Let l be ((-102)/24 + 3)*-4. Calculate the greatest common factor of 40 and l.
5
Let m be -7 + (-3 + 2)/(-1). Let l = 3 - m. Let a = 142 + -43. Calculate the highest common divisor of a and l.
9
Let f(k) = 2*k**3 + 10*k**2 - 3*k - 14. Let z be f(-4). What is the highest common divisor of 20 and z?
10
Suppose m = -3*j + 13, 1 = 4*m + 9. Suppose 4*s - j*s + 75 = 0. Suppose 6*p - p = s. What is the greatest common divisor of p and 3?
3
Suppose -3*o + 2*l - 83 = -4*o, 3*l - 84 = -o. Let w = o - 40. Suppose 5*t - 70 = -3*n, -5*t = -5*n + w + 9. What is the greatest common divisor of 6 and n?
3
Suppose 0 = 4*f - 16 - 20. Let i be (f + 7)*(-5)/(-4). Calculate the highest common factor of 30 and i.
10
Let s(a) = -7*a - 5 + 0 + 1. Let b = -4 + 2. Let v be s(b). Calculate the highest common factor of 15 and v.
5
Suppose -18 = -0*i + 3*i. Let q be ((-80)/6)/(i/27). Suppose n = -d + q, -n - 1 + 59 = 2*d. What is the greatest common factor of 155 and n?
31
Let h(q) = 6*q - 20. Suppose -2*p + 10 = i, 4*p = -0*p. Let s be h(i). What is the highest common divisor of 60 and s?
20
Let a = 10 - 8. Let u = 66 - 64. Suppose 0 = a*x - m - 27, -5*m = u*x - 3*x. Calculate the greatest common divisor of x and 3.
3
Suppose 12*l - 14965 = -4477. What is the greatest common divisor of 57 and l?
19
Let z(r) = -r**3 - 4*r**2 + 4*r - 8. Let f be z(-6). Let x = 1064 + -1004. What is the highest common divisor of f and x?
20
Suppose -3*v + 4*v = -2*b + 17, -b = 5*v - 22. Suppose -3*h = 4*t - b*t - 12, 0 = -h - 5*t + 16. Calculate the greatest common divisor of h and 3.
3
Suppose -465 + 140 = -5*z. Let x = -9 - -12. Let a be (-2)/(-4)*(23 + x). What is the highest common factor of z and a?
13
Let z be 2/14 - 44254/49. Let p be z/14*(-4)/3. Suppose 5*i + 35 + 6 = 2*b, 2*b + 4*i - p = 0. Calculate the highest common divisor of 22 and b.